8*u + 8746. What are the prime factors of h(-34)?
2, 3, 3203
Let f = -271 + 554. Suppose f + 305 = 2*q. List the prime factors of q.
2, 3, 7
What are the prime factors of -1 - (-5)/2*(-231228)/(-90)?
2, 13, 19
Suppose -i = -5*d - 12159, -4*i + 4*d - 13160 + 61748 = 0. List the prime factors of i.
2, 3, 11, 23
Suppose 4*i = 2*t + 201 + 143, -2*t = -5*i + 428. Let u = 1055 + i. What are the prime factors of u?
17, 67
Let f(t) = 8*t - 7. Let h be f(2). Suppose h*n - 25*n = -3600. List the prime factors of n.
3, 5
Let t be ((-12)/16)/(11/(-10076)). Suppose 2*q - 796 = -5*z, 893 = 4*q + 4*z - t. List the prime factors of q.
3, 131
Let a = -27 + 30. Suppose 4*w + 3*r - 7*r = -12, -a*r + 9 = w. Let u(q) = -q**3 + 2*q**2 - 2*q + 142. What are the prime factors of u(w)?
2, 71
Let y(b) = -3*b**3 - 19*b**2 - 9. Let l(z) = -z**3 - z**2. Let c(h) = 2*l(h) - y(h). What are the prime factors of c(6)?
3, 31
Let a(n) = 7*n - 12 - 4*n**2 + n**3 + n**2 - 4*n**2. Let o be a(7). Suppose m = o + 22. What are the prime factors of m?
59
Let y(i) = 4*i**2. Let n be y(1). Suppose -n*u - h = -25, 4*u + 8 = 5*h + 27. Let p = 35 + u. What are the prime factors of p?
41
Suppose -5*l - 4 + 59 = 0. Suppose -l*r + 14*r = 330. List the prime factors of r.
2, 5, 11
Let c(j) = -j**3 - 9*j**2 - 8*j + 4. Let n be c(-8). Let w be 8/(((-2)/n)/((-2)/8)). List the prime factors of 3143/35 - w/5.
89
Let i be (-219636)/(-189) - (88/42 - 2). Suppose 0 = -5*x + 4637 - i. What are the prime factors of x?
5, 139
Let m(g) = -3*g**2 - g - 1. Let h be m(11). Let k = -112 - h. Suppose 2*c + 354 = 4*d, 4*d - 2*c = d + k. What are the prime factors of d?
7, 13
Let m = -590 - -1075. Let y = 293 + m. List the prime factors of y.
2, 389
Suppose -70020 = 125*d - 134*d. List the prime factors of d.
2, 5, 389
Suppose 0 = -y - 3*w + 17811, -3 = 5*w - 28. What are the prime factors of y?
2, 3, 1483
Suppose 4*s - 9 - 7 = 2*v, 2*v = -2*s - 4. Let q(k) be the third derivative of -3*k**4/8 + 4*k**3/3 + 16*k**2. List the prime factors of q(v).
2, 11
Let n(k) = -k**2 + 11*k + 48. Let x be n(14). Suppose -x*o + 2190 = -0*o. What are the prime factors of o?
5, 73
Suppose -2*v + 436 = -5*c, 2*c = -0*c - 5*v - 186. Let x = c - -225. What are the prime factors of x?
137
Let d be 3 - 12/(-4) - 10. List the prime factors of 24479/39 - d/3.
17, 37
Suppose 35*a = -36*a + 29*a + 2524452. What are the prime factors of a?
2, 41, 733
Let p(o) = 7*o - 82. Let a be p(15). Suppose -2*k - 2*v = -1240, 25*k - a*k - 5*v = 1205. What are the prime factors of k?
3, 5, 41
List the prime factors of 283960/372 + 2/3 + -1.
7, 109
Let l = 670 + -466. Suppose 5*w = 111 + l. What are the prime factors of w?
3, 7
Suppose -46*n = -62*n + 193152. What are the prime factors of n?
2, 3, 503
Let h(j) = 21*j - 2. Let r be h(1). Suppose y + 48 = -4*v - 15, 0 = 2*v + 3*y + r. Let l(b) = b**2 + 4*b - 12. What are the prime factors of l(v)?
11, 19
Let s = 16517 - 10143. What are the prime factors of s?
2, 3187
Suppose 20655 = 2*q - 6*q + 31*q. What are the prime factors of q?
3, 5, 17
Let p = 0 + 309. Suppose 0 = -162*a + 163*a - p. What are the prime factors of a?
3, 103
Let j(r) = 0*r + 0*r - r - 1 + 0. Let x(s) = 15*s + 6. Let u(f) = -4*j(f) - x(f). What are the prime factors of u(-3)?
31
Let x = 30 + -27. Suppose x*v = -6*t + 2*t - 488, -t - 122 = 2*v. Let l = -18 - t. What are the prime factors of l?
2, 13
Let j(x) = x**3 - 7*x**2 - 3*x + 9. Let o be j(7). What are the prime factors of (-656)/(-10) - ((-168)/(-35))/o?
2, 3, 11
List the prime factors of 20/(-150) - 5155260/(-450).
2, 179
List the prime factors of (-5 + 2)*((-323640)/(-27))/(-8).
5, 29, 31
Let p(i) = -820*i - 63. List the prime factors of p(-5).
11, 367
Suppose c + 8*n - 3*n - 1459 = 0, -1471 = -c + n. Suppose -c = -l + 420. List the prime factors of l.
1889
Let c = 11349 - 6065. List the prime factors of c.
2, 1321
Let q(d) = 2*d**2 + 16*d + 14. Let c(s) = s - 7. Let b be c(-4). Let h be q(b). Suppose 6*o + 4*f = o + 197, f = -2*o + h. List the prime factors of o.
41
Let f(y) = -9*y**3 - 4*y**2 - 13*y - 23. Let c = -115 - -111. List the prime factors of f(c).
541
Let i be (-132)/11 - -1385 - 1*-4. Let y = 228 + i. List the prime factors of y.
3, 5, 107
Let h = 145 + 626. Suppose -h - 3654 = -15*i. List the prime factors of i.
5, 59
Let p(y) = 3*y**3 + 8*y**2 + 60*y - 102. What are the prime factors of p(12)?
2, 3, 19, 61
Let i be 2/(-8)*-5164 + -1 + 7. Suppose 4*l = -v + i, -3*v + 8*v - 671 = -2*l. List the prime factors of l.
17, 19
Suppose 2*z + 770 = 2*h, -370 = -h + 2*z + 2*z. Let s = 728 - h. What are the prime factors of s?
2, 13
Suppose -h + 2*x - 3 = 0, -5*h - 5*x = -9*h. Let v be 0*(2 - (h - 4)). Suppose 5*c + 3*p - 100 - 383 = 0, -3*c - 5*p + 293 = v. What are the prime factors of c?
2, 3
Suppose -133*i + 134*i - 453 = 0. Suppose 4*x = 167 + i. List the prime factors of x.
5, 31
Let j(v) = 4*v - 28. Suppose 5*n - b + 571 = 0, -4*n - 5*b - 412 = 39. Let s be (n/12)/((-3)/6). List the prime factors of j(s).
2, 3
What are the prime factors of (-10618118)/(-464) + 7/56?
2, 3, 1907
Let t be (0*(-5)/(-25))/(-1). Suppose -y + 120 - 16 = t. Let o = y + -68. List the prime factors of o.
2, 3
Suppose 0 = 4*f + 16, 0*k - 5*f = 2*k - 4276. Let l = k + -1514. List the prime factors of l.
2, 317
Suppose 7 = 3*c + 10. Let h(w) = -356*w**3 + 1. What are the prime factors of h(c)?
3, 7, 17
Let v = -91 + 93. Suppose -7*n + 5*n - g = 185, v*g = 4*n + 350. Let y = n + 263. What are the prime factors of y?
173
Let w be (33/(-33))/((2/5)/(-2)). Suppose -w*u + 8*u = 60. What are the prime factors of u?
2, 5
Suppose -648 = -6*l + 408. Let f be 3/(-3) + 1 + 96. Let s = l - f. List the prime factors of s.
2, 5
Suppose 40*f + 7 = -73. List the prime factors of (-16 - (-434)/28)/(f/604).
151
Let l = 81684 + -36971. List the prime factors of l.
61, 733
Let n be ((-2)/4)/(8/(-4288) + 0). Suppose l = -0*z + 4*z + n, -l - 3*z = -240. What are the prime factors of l?
2, 3, 7
Let j(u) be the third derivative of -10*u**4/3 - 9*u**3/2 + 65*u**2. What are the prime factors of j(-2)?
7, 19
Let v = 2 + 13. Suppose 9*m = v*m - 966. What are the prime factors of m?
7, 23
Let u(x) = 2*x - 8. Let j be u(2). Let b be ((-46)/4)/(j/104). Suppose -7*v = -b + 40. What are the prime factors of v?
37
Suppose -2*m = -5*q - 29, 31 = 3*m + 5*q - 0*q. Let x be ((-117)/m)/(9/(-84)). Let b = 230 - x. What are the prime factors of b?
139
Let y = -11419 - -68068. What are the prime factors of y?
3, 23, 821
Let o(x) = -2*x**2 + 10*x - 3. Let s be o(4). Suppose -738 = -2*u - s*j + j, 2 = 2*j. Let v = u - 230. List the prime factors of v.
137
Let o(s) = 186*s + 100. Suppose 3*y + 3 - 5 = 2*w, 0 = -3*w + 6*y - 9. What are the prime factors of o(w)?
2, 5, 103
Let m(p) = -870*p - 48. What are the prime factors of m(-2)?
2, 3, 47
Let h be (-4)/(-6)*(-15 - -33). Suppose -4*g - 4*d + h = 0, -4*d + 14 = -2*g + 4*g. Let s(c) = -43*c**3 - 2*c - 1. What are the prime factors of s(g)?
2, 11
What are the prime factors of (-1 - 3)*79668/54*45/(-10)?
2, 3, 2213
Let o(g) = 728*g - 832. List the prime factors of o(26).
2, 3, 13, 29
What are the prime factors of (38653860/1200 - 1/(-4)) + 1/5?
2, 8053
Let w be (-36)/16*(-80)/(-15). Let h be (-2)/(-6) + (-80)/w. Suppose -h*k + 256 = -3*k. What are the prime factors of k?
2
Suppose -4*k + 78 = -2*i, 4*i - 23 = -3*k + 41. Let o = -16 + k. Suppose p - o*p - 231 = -2*d, 0 = 2*d - p - 241. What are the prime factors of d?
3, 41
Let k = 438 - -21854. List the prime factors of k.
2, 5573
Suppose -26849 = -3*t - 2*h, 2*h - 4105 = -t + 4842. What are the prime factors of t?
8951
Let w = 358 + 87. Suppose -2*l - w - 177 = -5*j, -l + 371 = 3*j. List the prime factors of j.
2, 31
Let q(n) = -7*n**3 - n**2 + 3*n + 2. Let s(a) = 0*a + 7*a - a**2 - 5 - 2*a + 17. Let t be s(7). What are the prime factors of q(t)?
2, 3
Let f(l) = 13*l + 56 + 35 + 22. List the prime factors of f(-7).
2, 11
Let l = 3298 + -1697. Suppose -l = -3*o - 2*k, k = 11*o - 9*o - 1065. What are the prime factors of o?
13, 41
Suppose 5*u + 2*z = 4*z + 8384, 3*u - 4*z = 5022. What are the prime factors of u?
2, 839
Let v(w) = 456*w**2 + 35*w + 22. Let r(j) = -229*j**2 - 17*j - 11. Let d(x) = -13*r(x) - 6*v(x). What are the prime factors 